e 12, what is -22 - 4651?
-4673
In base 15, what is -161d6 + -1?
-161d7
In base 7, what is -32 + -2036?
-2101
In base 16, what is c2 + 386?
448
In base 2, what is 1 + -1000010010100010?
-1000010010100001
In base 8, what is 11004 - -145?
11151
In base 15, what is -7 - -1943?
193b
In base 2, what is 1000010101111111111001 - -11?
1000010101111111111100
In base 10, what is 4 - -4657?
4661
In base 15, what is -1e93 + -a?
-1e9d
In base 2, what is -101011000000101100111 + 1?
-101011000000101100110
In base 3, what is 101102121 + -11?
101102110
In base 4, what is 10311 - 22301?
-11330
In base 11, what is -15 + -1a68?
-1a82
In base 10, what is 52 - 73?
-21
In base 9, what is -2547 + -26?
-2574
In base 10, what is 978 + -568?
410
In base 10, what is -9 + -79115?
-79124
In base 12, what is -59190 - -4?
-59188
In base 9, what is 221 - 60?
151
In base 10, what is 24 - 53898?
-53874
In base 12, what is -20639 - -5?
-20634
In base 4, what is -30022301 + 10?
-30022231
In base 4, what is 2 - -2322321?
2322323
In base 2, what is -111111 - -11110100?
10110101
In base 13, what is 485 + 11c?
5a4
In base 12, what is 5 - 6b76b?
-6b766
In base 5, what is -2341302 - -132?
-2341120
In base 8, what is 56030 - 2?
56026
In base 7, what is 1415 - 25400?
-23652
In base 4, what is 112112 + -21?
112031
In base 9, what is 5 - 11561?
-11555
In base 16, what is 1 - 8275?
-8274
In base 7, what is 1256332 + -4?
1256325
In base 3, what is -1210012000 - -1000?
-1210011000
In base 6, what is 2 + 301103?
301105
In base 14, what is 1312d - -1?
13130
In base 4, what is -23023 - 1132?
-30221
In base 6, what is 1401043 - -13?
1401100
In base 16, what is -5e - -14b3?
1455
In base 6, what is 3341 - -105?
3450
In base 14, what is -5 + 590d?
5908
In base 13, what is 9 + -9696?
-968a
In base 12, what is -14b0 - 4?
-14b4
In base 7, what is -104 - 13543?
-13650
In base 11, what is 111 + 9655?
9766
In base 14, what is -ab8c + 4?
-ab88
In base 4, what is 3022022 - -212?
3022300
In base 6, what is 350 + 454?
1244
In base 15, what is 1 + -48c24?
-48c23
In base 15, what is -59 + bb6?
b5c
In base 7, what is 3434 - 120?
3314
In base 2, what is -11111 - 100110110111000?
-100110111010111
In base 14, what is c06b2 + -4?
c06ac
In base 12, what is -12b71 + 3?
-12b6a
In base 15, what is 3a4 - -5be?
973
In base 9, what is -55714 - -2?
-55712
In base 11, what is -986a4 - 6?
-986aa
In base 13, what is b01 + 970?
1771
In base 7, what is -1563345 - -3?
-1563342
In base 15, what is -1841 + -11?
-1852
In base 9, what is 57675 - -283?
58068
In base 2, what is -11011110 - 1001011010100?
-1001110110010
In base 10, what is 4 - -8495?
8499
In base 13, what is -75b5 + 5?
-75b0
In base 10, what is 0 - 22510?
-22510
In base 5, what is -2310313 - 3?
-2310321
In base 14, what is 33581 + -3?
3357c
In base 10, what is -718 + 1453?
735
In base 9, what is 1 - -14147?
14148
In base 8, what is -601 + -1105?
-1706
In base 5, what is -1243011 + 20?
-1242441
In base 14, what is -66 - b83?
-c09
In base 10, what is 1955 + 22?
1977
In base 8, what is -176 - -14042?
13644
In base 3, what is -10 - 10210120?
-10210200
In base 13, what is -4 - 61822?
-61826
In base 14, what is a - 19168?
-1915c
In base 3, what is -12 - 100102001212?
-100102002001
In base 12, what is 626 - 275?
371
In base 13, what is 85 - -293?
348
In base 11, what is -7253 - 4?
-7257
In base 12, what is 5830 - -3?
5833
In base 2, what is 100001 - -100010010011100?
100010010111101
In base 4, what is -320 + -1213203?
-1220123
In base 15, what is 7 + 2bc8?
2bd0
In base 9, what is -226 - -174?
-42
In base 2, what is -100 + -10011001111001?
-10011001111101
In base 10, what is -21491 - -51?
-21440
In base 15, what is 4 - 90d?
-909
In base 13, what is 4 + 1069?
1070
In base 11, what is -49163 - 0?
-49163
In base 6, what is 4521554 + -4?
4521550
In base 15, what is 249 - 798?
-54e
In base 9, what is -8701167 + -2?
-8701170
In base 15, what is 39b + -317?
84
In base 5, what is -10 - 2114402?
-2114412
In base 15, what is 79 + 712?
78b
In base 5, what is -100244 + 124?
-100120
In base 4, what is -11000 + -3033?
-20033
In base 11, what is 3 + 263?
266
In base 14, what is -3847 + -d?
-3856
In base 10, what is -29 - 135?
-164
In base 12, what is -42 + -82b?
-871
In base 12, what is -32 + 1989?
1957
In base 10, what is -4 + 20417?
20413
In base 10, what is 73017 - 1?
73016
In base 9, what is 0 - 44302?
-44302
In base 2, what is 10 + 111111010110010?
111111010110100
In base 2, what is -11111 - 1010100100111?
-1010101000110
In base 7, what is -606 + 150?
-426
In base 9, what is -3704 - 31?
-3735
In base 14, what is -194 + a30?
87a
In base 2, what is -1000101011011111 + -10?
-1000101011100001
In base 8, what is 3 + -27447?
-27444
In base 16, what is -d848 - -2?
-d846
In base 12, what is 42 - 6420?
-639a
In base 7, what is -2120 + -24510?
-26630
In base 13, what is 30802 - 0?
30802
In base 15, what is -4 + 2a605?
2a601
In base 2, what is 1 - -111010110000001?
111010110000010
In base 14, what is -2b66a + 5?
-2b665
In base 6, what is 12211431 - 2?
12211425
In base 11, what is -164 - 9a6?
-105a
In base 2, what is -10111010 - 11000001?
-101111011
In base 8, what is 30 - -37301?
37331
In base 5, what is -2023332 + -20?
-2023402
In base 12, what is 1146 - 4?
1142
In base 2, what is 101111 - -1001111110111?
1010000100110
In base 5, what is -1132 + 2210313?
2204131
In base 2, what is 10111 - 110011110010100?
-110011101111101
In base 7, what is 324156 + -5?
324151
In base 12, what is -12a + 657?
529
In base 3, what is 0 + 12220121110?
12220121110
In base 7, what is 35265 + -15?
35250
In base 2, what is 1001100110 + -1000001001?
1011101
In base 11, what is 244a + -7?
2443
In base 13, what is 131b6 + 1?
131b7
In base 10, what is 2 + -30305?
-30303
In base 3, what is 1011122 - 22112?
212010
In base 6, what is -5010 - 5?
-5015
In base 14, what is cb6a - -3?
cb6d
In base 12, what is 17 + -b3?
-98
In base 12, what is -162 + 2a00?
285a
In base 3, what is 2 - 1222101020?
-1222101011
In base 16, what is -66fd + -6?
-6703
In base 5, what is 40 + 1433131?
1433221
In base 6, what is 14 - 2342104?
-2342050
In base 12, what is -2 + 16667?
16665
In base 11, what is -4 - -42166?
42162
In base 4, what is -21 + 3302123?
3302102
In base 6, what is 2 + 423?
425
In base 8, what is 14146 + 24?
14172
In base 13, what is bb - 46?
75
In base 9, what is 120 + 113?
233
In base 7, what is 16 - 31006?
-30660
In base 2, what is 101101100010011110 + -101?
101101100010011001
In base 10, what is -3 + -993887?
-993890
In base 13, what is -1c + -2a?
-49
In base 10, what is 0 - 6931?
-6931
In base 2, what is 1000001001011110001 - 11?
1000001001011101110
In base 16, what is 3de8 - 0?
3de8
In base 13, what is -a - -1a03c?
1a032
In base 9, what is -24 - -1812?
1777
In base 13, what is -1 + -43c80?
-43c81
In base 14, what is -dcd + -13?
-1002
In base 16, what is 13 + 97f8?
980b
In base 10, what is -22 - 29401?
-29423
In base 3, what is 21010200110 + -2?
21010200101
In base 9, what is -1 + -147443?
-147444
In base 3, what is -222021012 + -1?
-222021020
In base 4, what is -113102 - -33?
-113003
In base 11, what is 1a0 + 47?
237
In base 10, what is -132 + 213?
81
In base 6, what is 2010505 - 5?
2010500
In base 15, what is 1d5 - c47?
-a62
In base 10, what is -48211 + -20?
-48231
In base 13, what is 2 - -56c?
571
In base 8, what is -3017711 + -5?
-3017716
In base 11, what is 38 + 688?
715
In base 15, what is 8 - 3897?
-388e
In base 11, what is 12 - -968?
97a
In base 13, what is 1b - 181?
-163
In base 10, what is -83 - -14?
-69
In base 10, what is -1758 - 312?
-2070
In base 13, what is 1 - 515c?
-515b
In base 6, what is 5 + -13554?
-13545
In base 2, what is 10 - -11100110111001111110?
11100110111010000000
In base 2, what is 1010000111110 - 1100?
1010000110010
In base 3, what is -2002100102210 - 12?
-2002100102222
In base 2, what is 101 - 100011000110101?
-100011000110000
In base 2, what is -1011000 + 110101000111?
110011101111
In base 8, what is -2 - -3135?
3133
In base 16, what is -65a09 + 6?
-65a03
In base 2, what is 11111111111011001 - 101?
11111111111010100
In base 15, what is 2 + -1a049?
-1a047
In base 14, what is b1 - -4b85?
4c56
In base 8, what is -373 - -123?
-250
In base 2, what is 100 + -110010101000111000?
-110010101000110100
In b